{"id":2,"date":"2014-01-11T17:46:34","date_gmt":"2014-01-11T17:46:34","guid":{"rendered":"http:\/\/pa-design.pt\/?page_id=2"},"modified":"2021-02-25T13:03:08","modified_gmt":"2021-02-25T13:03:08","slug":"sample-page","status":"publish","type":"page","link":"https:\/\/pa-design.pt\/?page_id=2","title":{"rendered":"Servi\u00e7os"},"content":{"rendered":"<div class='content-column one_fourth'><p><span style=\"font-size: 12pt;\"><strong>\u00a0 \u00a0 \u00a0 <\/strong><span style=\"font-size: 18pt;\">\u00a0<span style=\"font-size: 14pt;\"><strong>Design gr\u00e1fico<\/strong><\/span><\/span><\/span><\/p>\n<ul>\n<li><span style=\"font-size: 12pt;\">An\u00fancios<\/span><\/li>\n<li><span style=\"font-size: 12pt;\">Cartazes<\/span><\/li>\n<li><span style=\"font-size: 12pt;\">Cat\u00e1logos<\/span><\/li>\n<li><span style=\"font-size: 12pt;\">Desdobr\u00e1veis<\/span><\/li>\n<li><span style=\"font-size: 12pt;\">Estacion\u00e1rio<\/span><\/li>\n<li><span style=\"font-size: 12pt;\">Log\u00f3tipos<\/span><\/li>\n<li><span style=\"font-size: 12pt;\">Relat\u00f3rio\u00a0e Contas<\/span><\/li>\n<li><span style=\"font-size: 12pt;\">R\u00f3tulos e embalagens<\/span><\/li>\n<\/ul><\/div>\n<div class='content-column one_fourth'><p><span style=\"font-size: 12pt;\"><strong>\u00a0 \u00a0 \u00a0 \u00a0<\/strong><span style=\"font-size: 18pt;\">\u00a0<span style=\"font-size: 14pt;\"><strong>Design ambientes<\/strong><\/span><\/span><\/span><\/p>\n<ul>\n<li><span style=\"font-size: 12pt;\">Concep\u00e7\u00e3o, constru\u00e7\u00e3o e montagem de exposi\u00e7\u00f5es<\/span><\/li>\n<li><span style=\"font-size: 12pt;\">Concep\u00e7\u00e3o, constru\u00e7\u00e3o e montagem de stands<\/span><\/li>\n<li><span style=\"font-size: 12pt;\">Interven\u00e7\u00e3o urbana<\/span><\/li>\n<li><span style=\"font-size: 12pt;\">Projectos especiais<\/span><\/li>\n<\/ul><\/div>\n<div class='content-column one_fourth'><div style=\"padding-left:10px;\"><p><span style=\"font-size: 12pt;\"><strong>\u00a0 \u00a0 \u00a0 \u00a0<\/strong><span style=\"font-size: 18pt;\">\u00a0<span style=\"font-size: 14pt;\"><strong>Design multim\u00e9dia<\/strong><\/span><\/span><\/span><\/p>\n<ul>\n<li><span style=\"font-size: 12pt;\">Anima\u00e7\u00e3o Digital<\/span><\/li>\n<li><span style=\"font-size: 12pt;\">Concep\u00e7\u00e3o e constru\u00e7\u00e3o de sites e p\u00e1ginas web<\/span><\/li>\n<li><span style=\"font-size: 12pt;\">Filmes institucionais, promocionais e publicit\u00e1rios<\/span><\/li>\n<li><span style=\"font-size: 12pt;\">Jingles publicit\u00e1rios<\/span><\/li>\n<li><span style=\"font-size: 12pt;\">Modela\u00e7\u00e3o 3D<\/span><\/li>\n<\/ul><\/div><\/div>\n<div class='content-column one_fourth'><div style=\"padding-left:20px;\"><p><span style=\"font-size: 12pt;\"><strong>\u00a0 \u00a0 \u00a0<span style=\"font-size: 18pt;\">\u00a0<span style=\"font-size: 14pt;\">\u00a0<\/span><\/span><\/strong><span style=\"font-size: 14pt;\"><strong>Fotografia<\/strong><\/span><\/span><\/p>\n<ul>\n<li><span style=\"font-size: 12pt;\">Eventos<\/span><\/li>\n<li><span style=\"font-size: 12pt;\">Institucional<\/span><\/li>\n<li><span style=\"font-size: 12pt;\">Interiores<\/span><\/li>\n<li><span style=\"font-size: 12pt;\">Produto<\/span><\/li>\n<li><span style=\"font-size: 12pt;\">Viagem<\/span><\/li>\n<\/ul><\/div><\/div>\n","protected":false},"excerpt":{"rendered":"","protected":false},"author":1,"featured_media":0,"parent":0,"menu_order":3,"comment_status":"closed","ping_status":"closed","template":"","meta":{"generate_page_header":""},"_links":{"self":[{"href":"https:\/\/pa-design.pt\/index.php?rest_route=\/wp\/v2\/pages\/2"}],"collection":[{"href":"https:\/\/pa-design.pt\/index.php?rest_route=\/wp\/v2\/pages"}],"about":[{"href":"https:\/\/pa-design.pt\/index.php?rest_route=\/wp\/v2\/types\/page"}],"author":[{"embeddable":true,"href":"https:\/\/pa-design.pt\/index.php?rest_route=\/wp\/v2\/users\/1"}],"replies":[{"embeddable":true,"href":"https:\/\/pa-design.pt\/index.php?rest_route=%2Fwp%2Fv2%2Fcomments&post=2"}],"version-history":[{"count":86,"href":"https:\/\/pa-design.pt\/index.php?rest_route=\/wp\/v2\/pages\/2\/revisions"}],"predecessor-version":[{"id":2096,"href":"https:\/\/pa-design.pt\/index.php?rest_route=\/wp\/v2\/pages\/2\/revisions\/2096"}],"wp:attachment":[{"href":"https:\/\/pa-design.pt\/index.php?rest_route=%2Fwp%2Fv2%2Fmedia&parent=2"}],"curies":[{"name":"wp","href":"https:\/\/api.w.org\/{rel}","templated":true}]}}